
Let l be (-60)/(-8)*4/(2/1). Let k(j) = -j**2 + 16*j - 20. What is k(l)?
-5
Let c(a) be the first derivative of -16*a**2 + 188*a + 7589. What is c(6)?
-4
Let y(x) be the first derivative of x**3/3 + 8*x**2 - 81*x + 2643. Calculate y(-20).
-1
Let x(u) = -5*u**3 + u**2 - 67*u + 67. Let c be x(1). Let i(g) = 3*g - 5. Let d(a) = 5*a - 7. Let n(b) = -5*d(b) + 8*i(b). Determine n(c).
-1
Let h(c) = -c**3 + 2*c**2 - c + 1. Let y(w) be the first derivative of -5*w**2/2 - 9*w - 225. Let s be 1/(-1*1/2). Let i be y(s). Determine h(i).
1
Let c(q) = -17*q**2 - 9*q**2 + 21*q**2 - 9*q - 7 - q**3. Let k be c(-3). Let b(h) = 3 + 0 - 353*h**2 + h + 354*h**k + 1. Calculate b(0).
4
Let u(b) = b**2 - 9*b + 3. Suppose -9*g + 7*g + 8 = 0. Suppose 3*i = g*i - 16. Let v(x) = -x**2 + 18*x - 24. Let p be v(i). Calculate u(p).
-5
Let i(z) = -z + 11. Let x(s) = -7*s + 87. Let j(p) = 5*i(p) - x(p). Calculate j(18).
4
Suppose -23 = -17*x - 6. Let l be x + 10 + -3 - 2. Let n(f) = -2*f + 4 - 2 + f. Calculate n(l).
-4
Let c(k) = k + 1. Let q(z) = -z**3 - 22*z**2 - 21*z + 4. Let u be q(-21). Let p(x) = -3*x + 9*x + 1 + 0*x. Let y(w) = u*c(w) - p(w). Calculate y(2).
-1
Let s = 4945 + -4919. Let t(h) = -h**2 + 25*h + 30. Calculate t(s).
4
Let i be 84/5 - (-7 + -1*34/(-5)). Let m(q) = -q**2 + 19*q - 26. What is m(i)?
8
Suppose 8 = -j - 0*j. Let t(k) be the second derivative of -k**3/2 - 21*k**2/2 + 13030*k. Determine t(j).
3
Let l = -55 - -71. Suppose -4*j - j + 2*d + 27 = 0, 3*j = d + l. Let f(a) = -a**3 + 6*a**2 - 6. What is f(j)?
19
Let m(a) be the first derivative of -a**6/60 - a**5/30 + a**4/12 + a**3/2 - 15*a**2/2 + 17. Let o(k) be the second derivative of m(k). What is o(-2)?
7
Let g(z) be the second derivative of -z**4/6 - 2*z**3/3 + z**2/2 + 438*z - 1. Calculate g(-5).
-29
Suppose -3*b + 4*b = -9. Let s(r) = 318 + 315 + 295 - 928 + r. Give s(b).
-9
Let m(r) = 82343 - 2*r**2 - 82321 - 8*r + r**2 - 11*r. What is m(-18)?
40
Let r(u) = 2*u + 5*u**2 - u + u**3 - 4 - 1. Suppose 0 = -730*q + 995 - 3915. Determine r(q).
7
Let q(j) = -j**3 - 15*j**2 - 27*j + 3. Let o(c) = -29*c + 1321. Let w be o(46). Give q(w).
16
Suppose 2*f - 3*n = -1030, -17*f + 1046 = -19*f - 5*n. Let l = -519 - f. Let b(v) = -16*v**3 + v**2. Determine b(l).
17
Suppose -a = 3*g - 53, -3*a = 3 - 0. Let k(x) = -1 - 3 - x**2 + 1 - g*x - 6. What is k(-17)?
8
Let c(o) = 5. Let n(b) = 3*b - 13. Let j(t) = 12*c(t) + 3*n(t). Let x(s) = 4*s + 9. Let m(p) = -5*j(p) + 12*x(p). Calculate m(5).
18
Let j be ((-20)/(-50))/((-63)/(-15) - 4). Let k(y) = 19 - 3*y - j - 21 + y**2. Calculate k(6).
14
Let g(w) = -2*w**3 + 20*w**2 - 13*w - 45. Let i = 14677 - 14668. Calculate g(i).
0
Let i(q) = 8*q**2 - 40*q + 20. Let j(l) = 41*l**2 - 197*l + 99. Let b(v) = 11*i(v) - 2*j(v). Calculate b(7).
-6
Let a(v) = 6*v**2 - 2*v. Let y be (3 + -2)/2*0. Let n be 1 + y - (3 + (-3)/1). Let q be a(n). Let j(h) = h**3 - 4*h**2 - 3. Calculate j(q).
-3
Suppose c + 2*b = 0, -5*b = -2*c + 7 + 2. Suppose 0*q - c = 5*h - q, 4*h + q - 2 = 0. Let v(u) = -u**2 + u - 7. Give v(h).
-7
Let z(n) = 5*n**2 - 39*n + 2. Let r(f) = f**2 - 8*f - 2. Let b(m) = 4*r(m) - z(m). Give b(-6).
-88
Let p(u) = -u**3 - 5*u**2 + 5*u + 7. Let y = -183 + 220. Suppose 5*i - 7 + y = 2*l, -2*i - 3*l = 12. Determine p(i).
13
Let v(n) be the third derivative of 20 + 1/60*n**5 - 8*n**2 + 1/6*n**3 + 0*n**4 + 0*n. Determine v(5).
26
Let a(i) be the first derivative of -7*i**3/3 - 45*i**2/2 - 44*i + 790. Determine a(-1).
-6
Let c(i) be the second derivative of 2*i**5/5 - 5*i**4/12 - i**3 - i**2/2 - 31*i - 4. Give c(-1).
-8
Let u(j) = -7*j**3 + 2*j - 1. Let v(p) = -4*p**2 - 52*p + 194. Let y be v(-16). Calculate u(y).
-53
Let c(p) be the second derivative of -p**4/12 + 5*p**3/6 + 3*p**2 + 8*p. Let b = -52 + 64. Suppose -b = -136*m + 134*m. Calculate c(m).
0
Let s(h) = 11*h - 27. Let r(v) = -691*v - 15199. Let z be r(-22). Give s(z).
6
Let o(y) = 8 + 7*y + y**2 - 5*y + 9*y. Let f = -68066 + 68057. Calculate o(f).
-10
Suppose -2*f - 2*k + 2 = 0, -2*k = 2*f - k - 3. Suppose 0 = 4*h - 5*z + 43, 3*h - 7 = -f*z - 68. Let r be (h/34)/((-2)/28). Let p(v) = v - 9. Give p(r).
-2
Let i = -542 - -545. Let x(o) = -7 + 70*o**3 + 9*o**2 - 30*o**i + 9*o - 39*o**3. Determine x(-8).
-15
Let x(m) be the first derivative of m**4/4 + m**3/3 - 13*m**2/2 - 4*m - 1566. Calculate x(-4).
0
Let x(g) = -17*g - 54 + 54*g**3 - 55*g**3 + 27*g - 20*g**2 + 26*g - 16*g**2. Give x(-37).
-17
Let r(w) = -2*w + 9. Let n be (1/3)/(4/(-8))*-96. Suppose 21*t - 20 = n. Determine r(t).
1
Let k(s) be the first derivative of 5*s**2 - 6*s + 2028. Give k(3).
24
Suppose 0 = -2*k - 5*k + 518. Let y(g) = -26 + k - 24 - 26 + g. Calculate y(-6).
-8
Let t(n) = 2*n**2 - 69*n - 113. Let c(m) = 36*m**2 + 34*m - 34. Let p be c(1). Determine t(p).
-5
Let j be -5 + 1 - (-2 + 1). Let h(u) = u**3 - u**2 - 5*u + 5. Let y = 622 + -623. Let q(z) = -z**2 - z + 2. Let x(r) = y*h(r) + 4*q(r). Determine x(j).
0
Let w be (-6 - -5) + -2 - 4. Let r be 72/(-14) + (-1)/w. Let n(a) = -a - 11. Give n(r).
-6
Let u(a) be the third derivative of a**5/60 + 3*a**4/8 + a**3/6 + 2*a**2. Let c be (-1 + 4 - 0)*(3 + -7 - -1). Calculate u(c).
1
Suppose 2*y = -4*q + 3 + 3, -2*q = -2*y - 6. Let t(l) = -5*l**2 - 7 + 10*l**2 + 2 - q*l - l**3 + 0 + 1. Give t(3).
8
Let i(r) = -r**2 - 10*r + 15. Let b be ((-704)/(-616))/((-8)/(-14)). Suppose 2*u = -u + w - 31, 4*u = b*w - 40. Determine i(u).
4
Let q(c) be the first derivative of -c**5/20 - 3*c**4/4 - c**3/6 - 13*c**2/2 + 42*c + 60. Let t(v) be the first derivative of q(v). Determine t(-9).
-4
Let m(b) = -65*b + 1231. Let f be m(19). Let k(x) = 2*x**2 + 3*x - 24. What is k(f)?
-4
Let t(j) = j**2 + 13*j - 7. Let p(m) = 162*m + 151. Let w be p(-1). Determine t(w).
-29
Let n(r) = 17*r + 70. Let z(o) = -84*o - 351. Let c(q) = 5*n(q) + z(q). Suppose u + 4 + 8 = -3*p, 5*p = 3*u - 6. Calculate c(u).
-4
Let v(g) = -7*g**2 - 5*g - 2. Let h = 7298 + -7295. What is v(h)?
-80
Let h(n) be the second derivative of -n**5/20 + 3*n**4/2 + 3*n**3 + 216*n. Determine h(19).
-19
Let z(y) = y**2 - 5*y - 10. Let a be z(7). Let u be (9 - 10)*(a/2 + -2). Suppose -8*m + 5*m + 3 = u. Let w(k) = 19*k. What is w(m)?
19
Suppose -25 = -5*v - 5*q, -v + q = v + 5. Suppose v = -4*l + 5*l. Let h(d) = l*d + 7*d + 6*d - 1 - 10*d. Calculate h(-4).
-13
Let o(h) = -h**3 + 15*h**2 - 15*h - 46. Let t(g) = -9*g - 2. Let q(m) = -o(m) + 2*t(m). What is q(15)?
-3
Let g(y) be the second derivative of y**5/20 - 13*y**4/12 - 5*y**3/2 + 11*y**2/2 + 1073*y. Determine g(14).
-3
Let a = -68 + 71. Let q(x) = -3*x + 1 - 8*x**2 - 4*x**2 + 5*x - x**a - x**2 + 12*x**2. What is q(3)?
-29
Let r(b) = 2*b**3 - 16*b**2 + b - 7. Let s be r(8). Let g be s + 7/(-9) - (-7)/9. Let f(q) = q - 1. Calculate f(g).
0
Let m(r) = 510*r + 175. Let v(s) = -47*s - 16. Let p(g) = 6*m(g) + 65*v(g). Determine p(-6).
-20
Let u(d) = -78*d + 77. Let s be (-10 - -11)/((-10)/(-14 - -4)). Give u(s).
-1
Let b(l) = -27 + 2*l + 2*l - 10*l - 12*l**2 + 27. What is b(-1)?
-6
Let o(z) = -z**3 + 10*z**2 + 22*z + 26. Let q be o(12). Let y(c) = -5 + 0 + 10 - 4 + q*c. Calculate y(-4).
-7
Let l(d) = d - 8. Let u be l(13). Suppose -t + 3*a = -15, u*t - 24 = 3*a - 9. Let m(q) = -q - 2. What is m(t)?
-2
Let r(m) = -6*m**2 - 2*m + 3. Suppose 6*d + 5 = 5*d. Let q(o) = -14*o**2 - 3*o + 6. Let u(t) = d*r(t) + 2*q(t). Determine u(2).
13
Let i be -9 - (-1 + -4 + 2). Let c(w) = w**2 + 1. Let n(r) = -r**3 + 7*r**2 - r + 14. Let p(l) = i*c(l) + n(l). Calculate p(0).
8
Let f(r) = -r**3 - 9*r**2 + 32*r + 107. Suppose -20 = g - a, -g - 7*a + 25 = -3*a. Give f(g).
-3
Let v(d) = -217 - 6 + 5*d + 11*d + 6*d - 302. What is v(24)?
3
Let p(g) = 25 - 10 - 6 - 4 - 1 - 8*g. Give p(6).
-44
Let k(r) be the third derivative of -r**6/120 - 7*r**5/60 - r**4/4 - r**3/2 + 63*r**2. Suppose 0*t + 24 = -t + 5*p, 4*p = -2*t + 8. Give k(t).
-27
Let f(y) = y**2 - 15*y + 31. Let x = 3578 - 3573. Calculate f(x).
-19
Let w(f) = -3*f**2 + 0 + 1 + 4*f - 4. Suppose 6*v = z + 7*v + 5, -21 = 3*v. Calculate w(z).
-7
Let o(g) = g + 4. Let f(n) = 2*n**2 + 15*n + 44. Let l(m) = -5*m**2 - 45*m - 131. Let d(k) = 8*f(k) + 3*l(k). Let h be d(18). Suppose u - h = -18. What is o(u)?
-1
Let f(j) = -3*j**3 + 13*j**2 - 22*j + 15. Let s(u) = -u**3 + 7*u**2 - 11*u + 8. Let p(x) = 2